s the highest common divisor of v and 1920?
15
Let w be 2*(-2)/6*117/(-6). Let i(n) = -10*n + 3. Let v be i(2). Let r = v - -30. What is the greatest common factor of w and r?
13
Suppose -22*y = -279 - 337. Calculate the greatest common factor of 28 and y.
28
Suppose -5*g + 4 = -2*o, 5*o = -2*g + 4*g - 10. Let s be 0/(o*(1 - 2)). Suppose 2*k + 5*x + s = -3, -5*x = 15. What is the highest common factor of k and 66?
6
Suppose -2*g + 0*g = m - 4, 3*g = -3*m. Let k be -7*-2*g/8. Let n be (-122)/(-10) - k/35. Calculate the greatest common factor of 12 and n.
12
Let h be (8/52)/1 + 13304/52. What is the greatest common divisor of 32 and h?
32
Let c(h) = -h**3 - 12*h**2 - 25*h - 142. Let k be c(-11). Suppose 2*b + i = 216, -b + i - 540 = -6*b. What is the highest common factor of b and k?
12
Suppose -3*z - 13 = -i, -i + 5*z - 4*z + 7 = 0. What is the highest common divisor of 34 and i?
2
Suppose 2 = -3*q - 4. Let l be (-5 - -1)/(1 + q). Let v be 1385/35 + -4 + -3*1/(-7). What is the greatest common factor of l and v?
4
Suppose -h = -4*z - 60, 125 = 5*h + 4*z - 151. Calculate the highest common divisor of 1400 and h.
56
Let h(z) = -2*z**3 + 24*z**2 + 39*z + 15. Let r be h(13). Calculate the greatest common factor of 483 and r.
23
Let a be (16/(-24))/((-2)/(-78)). Let w = -17 - a. Suppose -5*l + 37 = 3*i, l = 2*i - i - 7. Calculate the highest common factor of i and w.
9
Suppose 5*l + 4*r = 37, -2*l + r + 2 + 5 = 0. Let k = -1142 - -1143. What is the greatest common divisor of l and k?
1
Suppose 2*w + 2*w + 36 = 0. Let n = w + 11. Suppose -n*p + 8 = -2. Calculate the greatest common factor of 1 and p.
1
Let m be 57255/198 + ((-5)/(-6))/(-5). What is the highest common divisor of 85 and m?
17
Let c be (-1 + (-26)/6)/(452/(-42714)). What is the highest common divisor of c and 70?
14
Let r = -78 - -99. Suppose 2*t = -t + 9. Calculate the greatest common factor of r and t.
3
Suppose 11*m - 4*m = 63. Let r(y) = -y**3 + 7*y**2 + 21*y - 7. Let p be r(m). What is the greatest common factor of 100 and p?
20
Suppose -2*x + 18 = 2. Suppose z - 3*p - x = 2*p, 0 = -z + 3*p + 18. Calculate the greatest common divisor of z and 11.
11
Let g(k) = 7*k**2 - 16*k + 17. Let u be g(4). What is the highest common factor of u and 585?
65
Let k be -5*((3 - 3 - 0) + -1). Suppose -3*b = -4*b, -50 = -k*w - 4*b. What is the greatest common divisor of 90 and w?
10
Let m(p) = -p + 2. Let k = -54 + 30. Let a be m(k). What is the greatest common divisor of a and 26?
26
Let w = -50 - -53. Suppose z = w*z - 4*c - 168, -4*z + 4*c = -316. What is the greatest common divisor of z and 37?
37
Let h be (1/(-3))/(-12 - 10578/(-882)). Calculate the greatest common divisor of h and 343.
49
Suppose -f + 4*f = 3*m + 9, 3*f - 9 = -2*m. Suppose 0 = d - 3*r + 46, m = -2*d + r - 4*r - 56. Let v = d - -45. What is the greatest common divisor of 11 and v?
11
Let d(h) = -8*h**3 - h**2. Suppose 0 = -44*j + 46*j + 2. Let g be d(j). What is the greatest common divisor of 126 and g?
7
Let t be 7*((3 - 4 - -1) + -2 + 3). Let k(p) = 5*p**2 + 7*p + 4. Let d be k(-4). What is the greatest common divisor of t and d?
7
Let y(s) = -4*s**2 - 57*s + 16. Let u be y(-7). Calculate the highest common divisor of 3 and u.
3
Let b = 35 - 30. Let q = 33 - 18. What is the greatest common factor of q and b?
5
Let u(o) = 3*o - 19. Let j be u(8). Let f(i) = -61*i - 11. Let g be f(j). Let x = g + 461. What is the highest common divisor of 58 and x?
29
Let l = -4 + 6. Let v be (0 - l)/((-5)/10). Suppose -2*b + 30 = 4*h - 238, b = v*h + 110. What is the greatest common divisor of b and 18?
18
Let m = -233 + 327. Calculate the greatest common divisor of m and 47.
47
Suppose 136 = 3*p + 1. Suppose -m - p = -2*m. Calculate the greatest common divisor of m and 45.
45
Suppose -2 = -10*v + 28. Let j be (-1 + -2)/((-3)/374). Suppose 3*i + 3*c = 28 + j, -2*c + 403 = v*i. Calculate the highest common factor of 27 and i.
27
Let q(r) = 9*r - 74. Let l be q(12). Calculate the greatest common factor of l and 408.
34
Suppose 4*z = z + 33. Let s(k) = k**3 - 21*k**2 + 91*k - 14. Let h be s(15). Calculate the greatest common divisor of h and z.
1
Let l = -920 - -1481. What is the greatest common factor of 51 and l?
51
Let g be ((-4)/(-20))/(2/10). Let u be (-24)/(g + 3) - -4. Let c = u - -32. What is the highest common divisor of c and 240?
30
Suppose 3*n - 57 = -3*z, 166*z = 5*n + 169*z - 105. Calculate the highest common factor of n and 1416.
24
Let b be ((-80)/16)/(-1 + 0). Let h be 284/(b - 3) - (0 - 1). Calculate the highest common divisor of h and 13.
13
Suppose 0 = -4*c + 4*b + 84, -23*c - 5*b - 27 = -25*c. What is the greatest common factor of c and 13?
13
Let m = -37 - -42. Suppose -d = 2*r - 3 - 19, 4*r = m*d - 180. Suppose 88 + 72 = 5*j. What is the highest common divisor of d and j?
32
Let v be 21 + ((-3)/1)/3. Let j = -9 + 20. Suppose -2*p + j = 3. Calculate the greatest common factor of p and v.
4
Suppose -4*i + 7*w - 3*w = -416, 4*i - 386 = -2*w. Let c = -5 + 14. What is the greatest common divisor of i and c?
9
Let n be (-3 + (-8)/(-4))*0. Suppose 13*u - u - 336 = n. Calculate the greatest common factor of 4 and u.
4
Suppose 5*v - 36*r = -39*r + 473, 4*r = 3*v - 307. What is the greatest common factor of v and 776?
97
Let x(s) = -10*s - 3. Let h be x(4). Let f = h + 46. What is the highest common divisor of f and 9?
3
Let v be ((-36)/63)/((-1)/7). Let n be (0 - -5 - v)*6. Suppose 2*h + w = 5*h - 15, -3*w + 27 = 3*h. What is the greatest common factor of n and h?
6
Suppose -163 = 27*f - 217. Calculate the highest common factor of 4 and f.
2
Suppose -30*q - 11*q + 2337 = 0. Calculate the highest common divisor of 12 and q.
3
Suppose -o + 2*i + 3 = 0, -o + 2*o - 5*i = -3. Let c(t) = -11*t. Let a be c(-2). Suppose -a = -n - o. Calculate the greatest common divisor of n and 45.
15
Let x = -2149 - -2261. Let i be 7/((-1)/(-1 - 1)). What is the highest common divisor of x and i?
14
Let v(x) be the third derivative of x**2 + 0 + 17/12*x**4 + 0*x - 2/3*x**3. Let w be v(7). Calculate the highest common divisor of 26 and w.
26
Let p(c) = c**2 - 28*c + 119. Let w be p(27). What is the greatest common divisor of w and 4?
4
Let b(w) = -30*w + 2. Let r be (-10)/(-4)*8/4. Suppose -r*m = -i + 5, -5*i = 4*m - i + 4. Let l be b(m). What is the highest common factor of l and 4?
4
Suppose -4*l - 15 = 17. Let z be (12/15)/(l/(-20)). Suppose 4*f - 5*r = 72, z*f + 0*f = -3*r + 36. Calculate the highest common divisor of 18 and f.
18
Let w be ((-8)/(-10))/(13/(-65)). Let z be (w/10)/((-4)/10). Calculate the highest common divisor of z and 4.
1
Let i(y) = y**3 + 6*y**2 - 12*y + 22. Let p be i(-7). Let z = 44 + -25. Calculate the greatest common factor of p and z.
19
Let j be -1*4*3/(-4). Let i(s) = s**2 - 23*s - 198. Let a be i(30). Calculate the highest common divisor of j and a.
3
Suppose 13*q + q = 168. What is the greatest common factor of q and 150?
6
Let k(m) = -m + 13. Let j be k(8). Suppose -v - 10 = -4*v + 5*g, 0 = 2*g - 2. What is the greatest common divisor of j and v?
5
Suppose -f + 104 = -0*f. Calculate the highest common factor of f and 78.
26
Let t be (-2)/((-1)/4*2). Suppose -3*l - 44 = t. Let i = 23 + l. Calculate the highest common factor of i and 21.
7
Let k = 37 - -35. Let b be 1 + (-30)/34 - 49/(-17). Let u be (-4)/(-13 - -1) - (-23)/b. Calculate the greatest common factor of u and k.
8
Let t = -20 + 74. Let j be 6/27 + 32/18. Let z be j - (-5)/(15/t). What is the highest common divisor of z and 140?
20
Let q be 3/(-6) - 30/(-12). Calculate the highest common factor of 50 and q.
2
Let t be -5*(-405)/150 + (-1)/(-2). What is the highest common divisor of t and 21?
7
Suppose 5*u = 455 + 40. What is the greatest common divisor of u and 11?
11
Let g(y) = 2*y**3 + 4*y**2 - 3. Let h be g(4). Let n be -5 + (1 - 0 - -3). Let i be 45*n/(1/(-3)*5). What is the greatest common divisor of i and h?
27
Suppose 42*i - 26*i = 288. Let k(u) = u**3 + 11*u**2 + 12*u + 5. Let b be k(-9). Let c = -41 + b. What is the greatest common factor of c and i?
18
Let l be ((-6)/(-4))/((-6)/(-16)). Suppose 3*t - 2 + 8 = 0. Let g = l + t. Calculate the greatest common divisor of 5 and g.
1
Let j be 9/15 + 2133/45. Let s = j + -41. What is the greatest common divi